at is -1 - (28 + -4 + -11)?
-14
What is 7 + (10 - 3 - -6) + -32?
-12
-3 - -2 - (121 - 99)
-23
What is 19 + (-28 - -9) - 12?
-12
What is the value of 5 + 0 + -6 + (16 - 24)?
-9
-44 + (-22 - -29) + 24
-13
Evaluate 14 + -13 + 13 + -12.
2
2 + 11 + 28 + -13 + -20
8
What is 14 + -23 + 11 + 13 + -4?
11
Evaluate -5 + 1 + -23 + 29.
2
Evaluate (-24 - (4 - 5)) + 7 + (8 - 8).
-16
What is the value of 8 + (17 - 17 - 12)?
-4
Evaluate 20 + (-61 - -55) + -1 + (-5 - -4).
12
Calculate (2 - (-28 + 16)) + -6.
8
What is -4 + -6 + 19 + 5 + -4?
10
What is -4 - (2 + -10) - -7 - 6?
5
Evaluate -4 - (-26 + 6) - -1.
17
Evaluate 163 + -157 - (7 + -9 - 24).
32
What is -8 + 10 - 3 - 16?
-17
Calculate (-38 - -4) + (-279 - -288).
-25
What is the value of -7 + (-2 - -5) + (-260 - -280)?
16
What is the value of -5 + (-6 - (-20 + 10 - -4))?
-5
Calculate (-4 - -16) + (2 + -2 - -2) - 3.
11
5 + (-7 - -1) + 1 + 0 + 6
6
What is the value of -16 + (16 + -33 - -12)?
-21
What is the value of (-7 - ((8 - -11) + -17)) + 17?
8
-13 - -4 - (17 + -37 - 1)
12
18 - ((9 - 10) + -24 + 11)
32
(8 - (-8 + 14)) + 6
8
What is the value of 0 - (-12 - -3) - (-5 - 9 - -11)?
12
Calculate -3 + 8 - 4 - (1 + -3 - -3).
0
Evaluate -18 - (-37 + 22 - -5).
-8
What is the value of (-5 + 11 - 21) + (54 - 43)?
-4
What is the value of (7 - -2) + 150 + -173 + 47?
33
What is 4 + -2 + 3 + 7 + -43?
-31
Evaluate -39 - (-52 + 30 - 19).
2
Evaluate (6 - 4) + 13 + (-6 - (-5 + 4)).
10
6 - 5 - (2 + 2 + (-6 - 0))
3
What is the value of 129 + -88 + 19 + -34?
26
Calculate (-4 - (10 + -14)) + -5.
-5
Calculate 24 + -16 + -2 + -8.
-2
1 + (26 + -13 - 11)
3
Evaluate -21 + (37 - 45) + -5.
-34
Calculate -29 + 36 + -17 + 24.
14
Evaluate -11 - ((-11 - -3) + 9 + 9 + 0).
-21
Calculate 0 + (-6 - 1) + (174 - 165).
2
What is the value of (1 - (0 + 1)) + 579 + -578?
1
Calculate -13 + 30 - 21 - 1.
-5
Calculate 5 + (-2 + (8 - 0) - (-32 - -29)).
14
What is the value of 2 - (-3 - -3 - 15) - (-309 + 318)?
8
-2 - (5 + -20 + 8) - 6
-1
Evaluate (-13 - -1 - (-48 - -39)) + 0.
-3
27 - 9 - -17 - 58
-23
13 - 20 - (-6 - (-4 - -3)) - -20
18
What is the value of 14 + 16 - (6 + 61)?
-37
What is 14 + (7 - (-9 - (1 + 3 + -12)))?
22
Evaluate (1 - (7 + (0 - 4))) + 11.
9
Calculate 32 - (22 - 14) - 42.
-18
What is the value of -10 + 15 + -13 - (5 - 12) - 19?
-20
Calculate (-8 - -2 - -4) + (0 - -5 - 6).
-3
What is 29 + -13 - 2 - 6?
8
What is the value of -1 + 1 - (0 - (24 - 24)) - -7?
7
Evaluate 41 + (-34 - 6) - (2 - 12).
11
Calculate (-2 - -1) + 3 + -6 - (219 + -228).
5
(-2 - -9) + 47 + -36
18
Evaluate -9 + (-2 - (10 + -3 + -1)) + 24.
7
What is 1 + -3 + (4 - 9) - (135 - 147)?
5
What is the value of 7 - 14 - (1 + -6 + 2)?
-4
What is (-8 - (7 - (21 - 7) - 8)) + 19?
26
Calculate 14 - ((0 - (-7 + 4)) + 6).
5
Evaluate 6 - (7 - ((-11 - -5) + 9)).
2
What is the value of 15 + (-18 - (2 + 12))?
-17
Evaluate 9 - (((5 - -2) + -6 - -7) + 4).
-3
Evaluate (3 - (4 + -8)) + -8 - 6.
-7
-42 - -42 - (-2 - 7) - (50 - 8)
-33
Calculate -38 + (-17 + -17 - -47).
-25
What is the value of (-11 - (-2 + -14)) + (-12 - -2)?
-5
3 + 1 + (-13 + (10 - 10) - 21)
-30
What is 1 + 12 + (60 + -71 - (-8 + 1))?
9
What is -14 - (-47 + 12 + 11)?
10
What is the value of (1 - -3) + (-41 + 16 - -9) + 14?
2
Evaluate 4 - (28 + 13) - -46.
9
Evaluate 11 + (-22 - -16) + 6.
11
Calculate 34 - 41 - (8 - 36).
21
What is -1 - -1 - (-32 - -13 - -30) - 16?
-27
Evaluate -1 - (-9 + 3 + 5 + (-8 - -1)).
7
What is (23 - 33) + 14 + 2?
6
Evaluate (25 - (9 + (4 - 2))) + -1.
13
(-3 - (-2 + 8)) + 15
6
What is 2 - (-10 - -8) - (7 - -11)?
-14
22 - (13 + -6 + 11 + -20)
24
Calculate 42 + 14 + -12 + -41.
3
Calculate 10 - 6 - 3 - 6 - (108 + -120).
7
-1 + -13 + (7 - 12 - -6)
-13
What is the value of (-8 - -8 - 0 - 2) + 2?
0
What is the value of -7 - (-18 - -1) - 2?
8
-5 - (5 + (-7 - -5) + 12) - -5
-15
75 + 12 + -87 - (-29 - (-2 + 2))
29
Evaluate -1 + 37 + -6 + -2.
28
-1 - (3 + -3 + (4 - -2))
-7
What is (-17 - -30) + 3 - 14?
2
(41 - 39) + -4 + -14 + 1 + 0
-15
Calculate 8 + -21 + -1 - -2 - -3.
-9
What is the value of -4 + 29 + 79 + -78?
26
Evaluate -16 + -1 + 1 + 2 + 5.
-9
What is the value of -3 + -13 - (-5 - (10 - 4 - 4))?
-9
What is the value of (-5 - -14) + -2 + -14 + 6?
-1
Evaluate 28 + (34 - 19) + -22.
21
(-1 - -2) + 1 - (-54 + 93 - 46)
9
What is -23 + 5 - (-7 - 3)?
-8
5 + -14 - (53 + -49 + (-5 - 0))
-8
What is the value of -1 - (1 - -3 - -2 - (-1 - -6))?
-2
What is 11 + -5 + 3 + 5 + 2?
16
Calculate -2 + (-18 - -5 - -12) - 16.
-19
What is (-18 - -8) + (-10 - 4 - 1)?
-25
Evaluate 475 + -466 - (0 - -14).
-5
Calculate -90 + 76 - ((-2 - -4) + -12).
-4
What is -2 - (-10 - (0 + -3 + 0))?
5
9 + (-2 - -5) + (-6 - (-3 + 0))
9
Calculate -26 + 22 + 24 + 3.
23
What is the value of -17 - -9 - (6 - (2 - 2) - 4)?
-10
3 + (12 - (-8 - -10)) - (1 + -5)
17
Evaluate 0 - -11 - (-1 + -13 + 11 - 0).
14
Calculate -23 + (7 - -2) + 13 + 1.
0
Evaluate 15 + -8 + 31 - 10.
28
Evaluate 1 - -12 - (-1 + 9).
5
What is the value of -5 - ((6 - 11) + 5) - -1?
-4
Evaluate (25 - -14) + -58 + 49.
30
Evaluate 27 + (-32 - -42) + -2.
35
-26 - (-36 + 32 + -25)
3
Evaluate -11 + (-8 - (-15 - -3)).
-7
What is the value of 24 + -20 + (3 - (-6 - -2))?
11
Calculate -5 + 14 + ((4 - 2) + -5 - -5).
11
Evaluate -39 - -28 - (6 - 4).
-13
Calculate -9 + 11 + 0 - 16.
-14
(-7 - 16) + 21 + 5
3
Evaluate -23 + 28 + (-20 - 1) + 0 + -3.
-19
Evaluate -13 + 19 - 12 - -24 - (0 + 6).
12
-18 + 4 + (18 - 1)
3
Evaluate (32 - 59) + 1 + 4.
-22
Calculate -15 + 1 - (-2 - 6) - -7.
1
What is (2 - (6 + -10)) + (2 - 5) - 7?
-4
What is (-9 - -33 - 21) + -2 + -1?
0
-1 + 2 + -10 - -10 - 1
0
Evaluate 7 - (1 + -6 + 5) - (3 - -1).
3
Evaluate (2 - (0 + 1)) + 0 + (1127 - 1125).
3
Evaluate 1 + -13 + -2 + 20 + -10.
-4
Calculate 3 - (0 + -21 + 18).
6
10 + (1 + -3 - -15) + 10 + -1
32
Evaluate (-18 - 4) + (-41 - -10) + 32.
-21
What is the value of 0 + 10 - (-13 - -11 - (3 + -6))?
9
What is the value of (-5 + 11 - (-3 + -1) - 3) + -9?
-2
-4 - (3 - 15 - -5)
3
Evaluate (-37 + 87 - 31) + -46.
-27
Calculate 11 - -3 - 8 - (1 + -8).
13
Evaluate (-10 - -6) + (13 + 7 - 10).
6
What is -36 + 0 + 167 + -167 - -12?
-24
What is the value of (4 - (3 - 6) - (5 - -4)) + -5?
-7
37 + (-22 + -5 - 18)
-8
What is the value of 2 + (6 - ((-8 - -2) + 8 - 3))?
9
Calculate -15 + ((-8 - 43) + 44 - (0 - 11)).
-11
What is the value of (8 - (-7 + 6 + 0) - 1) + -26?
-18
Calculate -7 - ((20 - 28) + 13) - (0 - 9).
-3
Evaluate 0 - -9 - (36 + -49).
22
What is the value of 1 + -1 + 2 - 1 - (-3 + -1)?
5
(-4 - 0) + -2 + -10 + 5 + 12
1
What is the value of (-43 - 4) + 128 + -96?
-15
What is the value of (2 - -25) + 0 + -1 + 1?
27
Calculate (-1 - 14) + ((21 - -9) + -9 - 13).
-7
Calculate (-7 - -15 - 13) + -4 + 1.
-8
What is -28 - -1 - (0 - (21 - 2) - -14)?
-22
What is the value of (-5 - -3 - -1) + (48 + -28 - 10)?
9
What is -19 - 8 - (-2 - ((0 - -6) + 0))?
-19
108 + -102 + (-1 - -2 - 10)
-3
What is 16 - (-4 + -3 + 11) - -10?
22
Calculate -9 + 17 + -2 + 7 + 1 - 4.
10
What is the value of 0 + -31 + (-1412 - -1453)?
10
What is (-18 - (8 + -26)) + (1 - 1) + -6?
-6
What is 293 + -276 + -2 + 0?
15
What is the value of -109 + 76 - (1 + -36)?
2
Evaluate (-14 - -21) + -1 - 9.
-3
What is (-7 - (-2 - (-5 + 5))) + -17 + 8?
-14
What is 42 + (-1 + 16 - (-11 + 39))?
29
Calculate -7 + (1 + 0 - (27 - 26)) - -3.
-4
-4 - ((-2 - 3) + 0 - -6)
-5
(14 + -7 - -8) + -9 + -3
3
What is the value of 0 + -17 + -5 + 8 + (-1 - 2)?
-17
What is the value of -9 + 6 - -4 - (-4 - (0 + 2))?
7
What is -18 + 12 - (-1 + -4 + 7)?
-8
-17 - ((-1 - 17) + 8)
-7
What is (-31 - (-6 + -17)) + 1?
-7
What is the value of (1 - (2 - 14 - -5)) + -7 + 13?
14
What is -2 + -3 + (1 - -5 - -2)?
3
What is -5 - (4 + -7) - -2 - (-145 + 158)?
-13
What is the value of -4 - (-11 - (-6 - -7))?
8
What is 2 - (0 - (-7 - (-5 + 8)))?
-8
(3 - -18 - 23) + (-9 - 3) + -4
-18
What is the value of (17 - (-6 - -5)) + (-2 - 7)?
9
What is 5 + 18 + (-21 - 18)?
-16
What is the value of 3 + -1 - 2 - ((-2 - -7) + -1)?
-4
Calculate (22 - 24) + 15 + -8 + 0.
5
Calculate -8 - (-44 + 13 + 1).
22
What is (14 - 21) + 7 + 3 + (2 - 0)?
5
What is -11 + (4 - -13) + -15?
-9
Calculate -23 + (-26 - (-20 + -50)).
21
Calculate -25 - (-2 + 1) - -7.
-17
What is the value of -67 + 1 - -38 - -37?
9
What is (59 - 53) + (-6 - (-7 + -2)) + -10?
-1
Calculate -11 + -